- p = 11*o. Calculate the greatest common divisor of h and o.
21
Suppose -q = -2*y - 52, 82 = 5*q + 5*y - 118. Let x be q/12 - 3 - 8/3. Let s be (9/12)/(x/(-248)) - -2. What is the greatest common divisor of s and 19?
19
Let l be (-82 + 208)*(2/(-7) - (1 - 3)). What is the highest common divisor of l and 162?
54
Let v = 2674 + -2654. What is the greatest common factor of v and 4460?
20
Let f = -734 + 839. Calculate the highest common factor of 120 and f.
15
Suppose 519 = -4*z + 5*w - 80, 4*z - w + 587 = 0. Let x = z - -148. Let l(g) = -3*g + 13. Let u be l(4). What is the highest common divisor of x and u?
1
Let j = 49 - 47. Suppose h = -j*h + 3*w + 18, w = 4*h - 24. Suppose h*s = -s + 35. What is the greatest common divisor of 2 and s?
1
Suppose -5*b + k - 121 = 0, 5*k + 67 = b - 4*b. Let d = b + 28. Let c = -943 + 979. What is the highest common factor of c and d?
4
Let z be 22/8*2*(243 - (15 - 8)). Calculate the greatest common divisor of z and 826.
118
Suppose 9*b = 5*b - 88. Let t = 28 + b. Suppose -12 = n - 4*n. What is the highest common factor of t and n?
2
Let v(x) = -x**3 - 16*x**2 + 17*x + 54. Let t(y) = -5*y - 17. Let i be t(0). Let n be v(i). What is the highest common divisor of 72 and n?
18
Let i = -2328 + 2403. What is the greatest common factor of 495 and i?
15
Let d(z) = -z**2 + 33*z + 12. Let v be d(23). Let i = -125 + v. Calculate the greatest common factor of i and 27.
9
Suppose 0 = -414*g + 827*g - 418*g + 515. What is the highest common factor of g and 4223?
103
Let j = 70 - 100. Let f = j - -66. Suppose 26*u = 29*u - f. What is the highest common factor of 3 and u?
3
Suppose 83 = 10*z + 403. Let l = z + 96. What is the greatest common factor of l and 80?
16
Suppose 132*h + 146044 = 5*u + 136*h, u - 29138 = 11*h. Calculate the greatest common divisor of 196 and u.
196
Let r = 13902 + -12352. Calculate the greatest common factor of 100 and r.
50
Let j be 4 + 159 + (-72)/6. Calculate the greatest common divisor of j and 9513.
151
Let p = -268 + 572. Let z be (190/8)/(190/p). What is the highest common factor of z and 19?
19
Let i(l) = l**3 - 15*l**2 + 22*l - 335. Let c be i(22). Calculate the highest common divisor of c and 131.
131
Let l(v) = v**2 + 29*v - 100. Suppose -3*i - 107 = 4*z, -32*z = -34*z - 4. Let t be l(i). Suppose -x + 0 = -24. What is the greatest common divisor of t and x?
8
Let n = 213 + -145. Let f(q) = q**3 + 78*q**2 - 27*q - 1868. Let d be f(-78). Calculate the greatest common divisor of n and d.
34
Suppose -7*v = -58 - 33. Suppose -3*m - 12 = 0, 2*n - 4 = 4*n + m. Suppose n*d - 3*d + 195 = 0. What is the greatest common divisor of d and v?
13
Suppose 3*a = 22*a - 416 - 230. Calculate the greatest common factor of 13226 and a.
34
Let b = -7483 + 7513. Calculate the highest common factor of b and 8895.
15
Suppose y - 188 = -4*a, y = 4*a - a + 174. Let m be (-6 - 348/(-30))*y. What is the greatest common divisor of m and 56?
56
Let x = 64 - 43. Let b be 555/(-10)*11/(44/(-40)). Suppose -3*p = 49*r - 53*r - b, 2*r - 951 = -5*p. Calculate the greatest common divisor of x and p.
21
Let x(k) = -8*k**3 - 24*k**2 - 110*k. Let v be x(-5). What is the greatest common divisor of 650 and v?
50
Let f = 1538 - 1481. Suppose 0 = p - 492 + 131. What is the highest common divisor of p and f?
19
Let y be 5 + -6 - (2 - 5). Suppose -3*b + 15 = 0, 7*s - 3*s + y*b = 26. Suppose 0 = s*r - 8 - 40. What is the greatest common divisor of r and 36?
12
Let d = 5 + -50. Let b be (-1 - -4 - d/(-15))/(-2). Suppose 0 = c - 4*f + 2, -4*f + 3*f + 4 = b. Calculate the greatest common factor of c and 7.
7
Let a be 51/(-34) - (-391)/(-2). Let o = -53 - a. Let g be (o/(-42))/((-4)/70). Calculate the greatest common divisor of 12 and g.
12
Let u be (444/14)/((-6)/(-42)). What is the greatest common factor of u and 42?
6
Suppose 0 = 4*h - 6*h + 6. Suppose -5*m = -c - c - 18, 4*c - h*m = -22. Let s = 44 - c. What is the greatest common factor of 12 and s?
12
Let j(o) = 87*o - 21. Let i = 3 - 2. Let z be j(i). What is the greatest common factor of z and 22?
22
Let c(j) = -97*j + 262. Let o be c(-2). What is the greatest common factor of o and 760?
152
Suppose -3*o - 18 = 90. Let w be o/270 - 124/(-30). Let m be (-3 + w)/(3/39). What is the highest common factor of 52 and m?
13
Let k = 16 + -8. Suppose -w + 22 = 18. Suppose 0*v - w*t + 32 = 2*v, 5*t = -4*v + 58. Calculate the greatest common divisor of k and v.
4
Let x = -5603 - -7755. What is the greatest common divisor of 12 and x?
4
Suppose 0 = -7*o - 91 - 140. Let w be 6 + 204/o + 35/11. Suppose 1425 = 8*x - w*x. What is the highest common divisor of x and 114?
57
Suppose 19*l - 9*l = 2684 + 226. Calculate the highest common factor of 2231 and l.
97
Let b = -43 + 46. Suppose -b*j = -5*t - 304, -2*t = 4*j - 101 - 261. Let h = j - 71. What is the highest common factor of 55 and h?
11
Let f(j) be the first derivative of -j**3/3 + 9*j**2 + 31*j + 4. Let r be f(19). Suppose -2*b + b = -24. What is the highest common factor of r and b?
12
Suppose -53*v = -3*s - 51*v + 186175, -3*s + 186185 = 8*v. What is the greatest common divisor of 229 and s?
229
Suppose -15*x + 10*x = -2*f + 257, 0 = 4*f - 4*x - 532. Calculate the greatest common divisor of 850 and f.
34
Suppose -4*h + 48 = v - 0*h, -5*h + 159 = 4*v. Suppose 0*i + 2*i - 192 = 0. Calculate the greatest common factor of i and v.
12
Let r(j) = -j**3 - 92*j**2 - 190*j - 882. Let d be r(-90). What is the greatest common divisor of d and 34?
2
Let m = 559 - 555. Suppose 4*t + 5*y = 3*t + 31, -m*t + 76 = -4*y. Let s(p) = 148*p**2 - 1. Let u be s(1). Calculate the greatest common factor of t and u.
21
Suppose -c - 19 - 10 = -2*o, -4*c - 74 = -5*o. Let i(a) = 3*a**2 - 10*a. Let j be i(8). Suppose v - j = -3*v. Calculate the greatest common factor of v and o.
14
Let o be ((-3)/(-6))/((-1)/2) - -34. Suppose 3*a - 267 = -b + 408, a + 655 = b. What is the greatest common divisor of b and o?
33
Suppose 0*a - 2*a = -48. Let r be (5/15)/((-1)/(-18)). Suppose -5*m = -7*m + r. What is the highest common divisor of a and m?
3
Suppose 61*i - 84 = 10652. Calculate the highest common factor of 495 and i.
11
Let v be (-1 - 2)/(55/(-825) + (1 - 1)). Calculate the highest common divisor of v and 4920.
15
Suppose -3*z = -4*h + 1787, 0 = -3*h + 3*z - 227 + 1574. What is the highest common factor of 920 and h?
40
Suppose -1597 = 26*q - 26115. What is the greatest common divisor of q and 69?
23
Let g be (4/(-18) - 650/(-90)) + 0. Let v = 99 - -13. What is the highest common factor of v and g?
7
Let w = -44 + 74. Let z be 898/6 + 41/123. Calculate the highest common divisor of z and w.
30
Let k be 1*2 - ((-13 - 131) + 1 + -15). Calculate the highest common divisor of 6040 and k.
40
Let f(z) = -34*z + 1. Let u be f(-5). Suppose 8*p - 579 = -u. Suppose p = 10*v - 109. What is the highest common divisor of 4 and v?
4
Let l = 2350 - 2221. Calculate the greatest common factor of l and 731.
43
Let h = 33101 + -33052. Suppose 0 = f - 0*f - 98. What is the greatest common factor of f and h?
49
Suppose 0 = n + 2*v - 18, 0*v - 99 = -5*n - v. Let t(s) = -4*s - 15. Let b be t(-3). Let g be -1*3 + (b - -26). What is the highest common divisor of n and g?
20
Suppose 0 = -4*n + 16, 0 = -k - 2*k - 3*n + 2292. Suppose -3*g + g + k = 0. Calculate the highest common factor of g and 20.
20
Let w(c) = 3679*c**3 - 76*c + 76. Let q be w(1). Calculate the greatest common factor of q and 26.
13
Let l be ((-14744)/(-228))/(2/36). Suppose -3*u + 2*o + 1155 = 0, 5*o + l = 4*u - 376. What is the highest common factor of u and 35?
35
Let z be (-321)/(-11 - 572/(-55)). What is the greatest common factor of 1177 and z?
107
Suppose 2*v + 3*k - 1069 = 0, -7*v + 9*v - 4*k - 1034 = 0. Calculate the highest common divisor of 124 and v.
31
Let c = 8407 + -8314. Let z(m) = m**2 - 4*m + 7. Let x be z(5). Calculate the highest common divisor of x and c.
3
Let q(b) = -b**2 - 21*b + 1470. Let o be q(-50). What is the highest common divisor of o and 788?
4
Let y = -13 + 12. Let u be 12/6 - y/1. Suppose 2*m - 4*m - w = -8, -m + 3*w - 10 = 0. What is the greatest common divisor of m and u?
1
Let f(m) = -29*m - 104. Let w(x) = -2*x**2 - 30*x - 5. Let h be w(-15). Let n be f(h). What is the greatest common factor 